g(h) = -h**3 + 12*h**2 - 14*h + 12. Let a be g(11). Let f = a + 25. Let x(t) = 11*t - 8. List the prime factors of x(f).
2, 3
Let f(d) = 4*d**2 + 11*d + 7. Let p be f(-10). Suppose 5*i - 325 = -5*l, 5*l - i = i + p. List the prime factors of l.
61
Suppose -5*v = -2*v + 633. Let n = v + 303. List the prime factors of n.
2, 23
Let x(v) = -5*v - 39. Let h be x(-9). Suppose -4*q - h*f + 592 = -4*f, 0 = -5*q + f + 733. List the prime factors of q.
3, 7
Suppose 6*z - z = 35. Let k(n) = -n**3 + 8*n**2 - n - 8. What are the prime factors of k(z)?
2, 17
Let b(r) = 0*r + r**2 - 4*r - 3 + 0. Let j be b(5). What are the prime factors of ((-27)/18)/(j/(-48))?
2, 3
Let f(i) = -i. Let d(c) = c**3 - 10*c**2 - 10*c + 3. Let k(r) = -d(r) - 3*f(r). Let l be k(11). Suppose l = 4*z - 5. List the prime factors of z.
2, 3
Suppose -9*g + 2373 = -1929. What are the prime factors of g?
2, 239
Let g(k) = 4*k**3 - 6*k**2 + 154*k - 13. What are the prime factors of g(9)?
3803
Let t = -298 + 423. What are the prime factors of 2 + 1 + -4 + t?
2, 31
Let t be 3 - (-3)/6*-14. Let a = t - -6. Suppose 0 = -f - 5*x + 3, a*x - 12 = -0*f - 4*f. What are the prime factors of f?
3
Let u be 4/(8/100*5). Let j(o) be the third derivative of o**4/24 - 2*o**3/3 - 12*o**2. What are the prime factors of j(u)?
2, 3
Let g = -33 + 11. Let m = 24 + g. Suppose -4*w + 9 = m*k - 31, 2*k - 46 = -w. What are the prime factors of k?
2, 3
Let s(q) = q**3 + 14*q**2 - 24*q + 191. Let u be s(-16). Let v be 4/(-6) + (-2)/6. Let z = u - v. List the prime factors of z.
2
Let z = -896 - -1256. What are the prime factors of z?
2, 3, 5
Let x(b) = 6*b**3 + b**2 + 4*b - 2. Let c(t) = -13*t**3 - t**2 - 7*t + 3. Let z(f) = 3*c(f) + 5*x(f). What are the prime factors of z(-2)?
3
Let q(g) = -g**2 + 7*g - 3. Let b be q(6). Let t(o) = 2*o - 4. Let l be t(b). Suppose -4*s - l = w - 4, 5*w = s + 115. List the prime factors of w.
2, 11
Suppose 0 = -5*p - s - 2*s + 32, s = -3*p + 20. Suppose -17 = -5*q - p. Suppose t + q*v = v + 10, 5*t = 4*v + 41. What are the prime factors of t?
3
Suppose -5*i = -5*c - 4889 - 4666, 0 = -c - 2. What are the prime factors of i?
23, 83
List the prime factors of (2628/20 - (-4)/(-10))*1.
131
Suppose 8*z = -19*z + 16794. What are the prime factors of z?
2, 311
Suppose 0 = -2*a + 3*d + 816, -5*a + d + 89 = -1925. List the prime factors of a.
2, 3, 67
Let o(j) = -3*j - 17. Suppose 0 = 26*i - 23*i + 24. What are the prime factors of o(i)?
7
Let k(i) = i**2 + 12*i + 12. Let a be k(-8). Let w be a/(-4) + -2 + 0. Suppose -w*r + r + 52 = 0. What are the prime factors of r?
2, 13
Let v = 3702 - -239. What are the prime factors of v?
7, 563
Let q(h) = h**2 + 3. Let n be q(0). Let g(u) = u - 3*u - 12*u - n. List the prime factors of g(-2).
5
Let r(b) = 4*b**2 + 9*b - 27. List the prime factors of r(-10).
283
Suppose -13*i + 96 = 3*i. Let x be 70/(-8) - (-1)/(-4). List the prime factors of 3/x - (-290)/i.
2, 3
Suppose 0 = 3*z + z. Let n be z + 0 - -2*4. Suppose -3*v + n = v. What are the prime factors of v?
2
Let g = -54 - -35. Let h = g - -23. Suppose h*f = 9*f - 30. What are the prime factors of f?
2, 3
Let w(g) = 3*g**2 - g. Let i = -13 - -12. Let b be w(i). Suppose -2*o + 20 = -b*j, 3*o - 10 = j + 10. What are the prime factors of o?
2, 3
Suppose 3*d = 4*d + 14. Suppose -2*n - 18 = n. Let p = n - d. What are the prime factors of p?
2
Let b(f) = -25*f + 15. Let i be b(2). Let u = i + 127. List the prime factors of u.
2, 23
Suppose 0 = -2*c + 19 - 5. Suppose -2*m - 420 = -c*m. What are the prime factors of m?
2, 3, 7
Suppose 2*b = -2*n + 3668, 0 = 2*b - n - 3428 - 243. List the prime factors of b.
5, 367
Suppose -3*b + 3*x = -2019, b + x - 342 = 341. What are the prime factors of b?
2, 3, 113
Let d(x) = 5*x**2 - 28*x - 14. What are the prime factors of d(-21)?
7, 397
Let v be ((-18)/(-4))/((-3)/(-4)). Let g = v + 30. List the prime factors of g.
2, 3
Let m = 1504 - -579. What are the prime factors of m?
2083
Let c(f) = -f**3 - 17*f**2 + 23*f + 44. List the prime factors of c(-19).
7, 47
Let v = -6 + 6. Suppose -2*y - y + 399 = v. Suppose -3*q = -y + 19. List the prime factors of q.
2, 19
Let v be 18/(-12) + -229*(-2)/4. Suppose 0 = -5*h + v + 72. What are the prime factors of h?
37
Suppose 5*x - 15 = 2*x. Suppose 7*o - x*o = 2. Suppose o = -3*h + 10. List the prime factors of h.
3
Suppose 20*d - 15865 = 6055. List the prime factors of d.
2, 137
Let f(z) = -z**3 + 4*z**2 + 13*z - 6. Let i be f(6). Suppose 0 = -i*n + 4*n - 352. List the prime factors of n.
2, 11
Suppose -416 = -4*p + 276. What are the prime factors of p?
173
What are the prime factors of (-74241)/(-15) + 3 + (-68)/20?
7, 101
Suppose -5*o = -y - 19, -4*y - 23 = -o + 15. Let v be -2*3*(-12)/y. List the prime factors of (v/(-5))/(6/15).
2
Suppose 2*j = q - 385, -4*q + 347 = j - 1229. List the prime factors of q.
3, 131
Let z be (-6)/(-4) + 10/4. Let a = 8 - z. Suppose a*i + 2*y = -y + 98, i + 3*y = 20. What are the prime factors of i?
2, 13
Suppose 110 + 160 = 5*s. Let k(u) = 29 - s + 67 - u. What are the prime factors of k(13)?
29
Let g = 315 + 327. What are the prime factors of g?
2, 3, 107
Let p be (-3)/6 + 63/6. Suppose 20*b - p*b = 1420. What are the prime factors of b?
2, 71
Let s = -43 - -334. List the prime factors of s.
3, 97
Let i = -3611 - -9992. List the prime factors of i.
3, 709
Let l(h) = 11*h**2 + 54*h + 189. What are the prime factors of l(-19)?
2, 1567
Suppose 4*d = 11*d - 3290. What are the prime factors of d?
2, 5, 47
Let w be ((-9)/(-6) - 0)*2. Let n(y) = -y + w*y + y - 3. What are the prime factors of n(2)?
3
Let p be 9/(-3) - 0 - -3. Suppose 5*t + 18 = -2*z - 11, p = -z - 3*t - 15. Let w = -8 - z. What are the prime factors of w?
2
Let b(k) = -k**3 + k**2 - 2*k + 19. Suppose -6*g - 23 = -5*a - 5*g, 19 = 4*a - g. Suppose -6 - 14 = 3*w - 4*r, 5*w = a*r - 20. List the prime factors of b(w).
19
Let f = -90 + 93. Suppose -3*s - 19 = -4*u, -f*s = -4*u - s + 18. List the prime factors of u.
2
Let s(t) = t + 8. Let n be s(-11). Let o(d) = d**3 + 2*d**2 - d - 2. Let m be o(n). List the prime factors of (-2)/m - (-75)/20.
2
Let b(p) = -1 - p - 3*p - 3*p + p. Let x be b(2). What are the prime factors of ((-6)/2 + 2)*x?
13
Let k be 25 + (-1 + -3 - -7). Let a = k - -2. List the prime factors of a.
2, 3, 5
Let q be 18/10*(-40)/(-12). Suppose -l + 4*h = -q*l + 4, -3*l = 2*h - 2. Suppose l = 2*k - k - 4. List the prime factors of k.
2
Suppose 5*t - 3*z = 8837, -2*t - 52*z + 3540 = -48*z. What are the prime factors of t?
2, 13, 17
Suppose 3*b + 3*a = 2826, -2*b - a = -1201 - 688. List the prime factors of b.
947
List the prime factors of -1*(-6 + -204) - -5.
5, 43
Suppose -j - 52 = j. List the prime factors of ((-512)/6)/2*39/j.
2
List the prime factors of (-1)/7*-94 - (-8)/14.
2, 7
Let h(o) = -78*o - 727. What are the prime factors of h(-28)?
31, 47
Let c = -27 - -17. List the prime factors of (-134)/(-2) - (c - -12).
5, 13
Suppose 0 = -3*r - r + f + 1111, -4*r + 1136 = 4*f. List the prime factors of r.
3, 31
Let j(w) = -w**2 + 11*w + 3. Let a be j(11). Suppose 4*d - b - 39 = 4*b, -5*b + a = 3*d. List the prime factors of d.
2, 3
Suppose -4*z - 150 = -2*v, -5*z + 61 = 5*v - 4*v. Suppose 0 = 6*n - 7*n + v. Suppose -4*f + n = 3. List the prime factors of f.
17
Let q = 58 - -1084. What are the prime factors of q?
2, 571
Suppose j - 42 = 4*j + 2*x, -3*x = -2*j - 15. Let o = 15 + j. Suppose -4*d = t - 63, -o*t + t = 3*d - 46. What are the prime factors of d?
2
Let r(j) = -j**3 + 2*j**2 + 2*j - 2. Let u be r(5). Let h = 18 - u. List the prime factors of h.
5, 17
Let z = 226 + 269. What are the prime factors of z?
3, 5, 11
Suppose -q + 1 = 3, 3*l = 4*q + 29. List the prime factors of l.
7
Suppose -4*g + 15 = g. Suppose -g*t = -0*t. List the prime factors of 11 - (1 + t) - 2.
2
Let f = 218 - 98. Suppose -7*h = -2*h - f. Let x = 55 - h. List the prime factors of x.
31
List the prime factors of 10 - (4 - 6 - 289).
7, 43
Suppose 3 - 8 = 5*v. Let c(b) = 6*b**2 - 2*b - 2. Let k be c(v). Let z = 20 - k. List the prime factors of z.
2, 7
Let u = 11 - 8. Suppose u*l + 4*k - 76 = 6*k, -3*k = l - 29. List the prime factors of l.
2, 13
Let r(f) = f**3 - 5*f**2 + 16*f + 17. Let q be r(8). Let a = q - 189. What are the prime factors of a?
2, 37
Le